5 + 26 - 9).
42
(1 - -93) + 4 + 374 + -352
120
What is (74 - 52) + -104 + 25 - 14?
-71
What is the value of (-63 - -206) + -120 - (1 + -10)?
32
Calculate 23 + -7 + (7 - (30 - 44)).
37
What is the value of (1 - -30) + -4272 + 4291?
50
What is -3 - -5 - (9 + (6 - 0) + -8 + -9)?
4
-46 + (-25 - 33) + 60
-44
What is the value of -10 + (-2 - 0 - 0 - (-55 - -3 - -60))?
-20
-165 - -24 - (29 + -221)
51
Evaluate (0 - 6) + 94 + -85 + -99.
-96
What is the value of -10 + -11 + (-13 - -14 - 61 - 14)?
-95
What is 2 - (-17 + 13 + 5 + -54 + -11)?
66
What is -24 - 21 - (14 + -7)?
-52
What is the value of 6 + 3 + -2 + (-430 - -363) + (4 - 1)?
-57
What is the value of -41 - 0 - (-133 - -43)?
49
Calculate 2272 - 2196 - (-1 - 63).
140
4 - (-7 - (16 + -35 - (-102 + 11)))
83
Evaluate 48 + -2 + -7 + (102 - 124).
17
What is the value of 102 - (-1 - 114 - -165)?
52
What is the value of -37 + -46 + 54 - -18?
-11
What is the value of (-8 - 1) + 5 - (51 - 27 - 129)?
101
Evaluate (-5 - -1 - (13 - 18 - 1)) + (-9 - 21).
-28
Evaluate 48 + (8 - 13) + -9 + (1 + -5 - -7).
37
79 + -18 + 23 + -22 + 4 + 5 + -2
69
What is the value of -113 - (-248 + 54 - -129)?
-48
15 + -40 - (-45 - 84) - 27
77
Calculate 0 + -70 - (-34 - (-36 + 19 - 7)).
-60
5 + -5 + (1 - -4) + 51 + 20 + -41
35
-34 - (-116 + 73 + 84)
-75
What is the value of 4 - 8 - ((-16 + (-5 - -10) - -11) + 11)?
-15
(-10 - (2 + -3) - (-20 + 4)) + 11 + 10
28
What is (1 - 45) + (-86 - -147 - 89)?
-72
What is (651 - 670) + -5 + 56?
32
What is the value of -16 + 11 + -1 - ((4 - 7) + 8) - -51?
40
Calculate -178 + 150 - 18 - (1 - -53).
-100
7 - (-2 + 5) - ((-8 - 13) + 10 + 14)
1
Evaluate 16 + -15 + (11 - 20) + 106.
98
What is (126 + -140 - 115) + 168?
39
Evaluate 19 - 90 - (-1 + (-5 - 10)).
-55
What is the value of (-20 - -4) + 20 + -11 + 10 - -73?
76
Evaluate 109 + (13 + 3 - (-118 - -133)) + -9.
101
Calculate -20 - (4 - (16 - 3)) - (30 - 24).
-17
(4 - -2) + (-7 - (13 + (3 - -8 - 19)))
-6
Calculate 28 - (53 + -4 + 5).
-26
Evaluate 63 - ((-37 - -23) + 61).
16
Evaluate -5 + 46 + 2 + -6 + -1 + 5 + 1.
42
Calculate -9 - -11 - (571 - 545).
-24
-18 - (25 + -58) - (1 + 53)
-39
Evaluate 3 + (-79 + 90 - (20 + -3)).
-3
What is the value of (-2 - -65) + (-5 + (-18 - -11) - (-45 - -37))?
59
Evaluate (6 - (3 + 0 + 8)) + (2 - -2) + -40.
-41
Calculate 4 + (-23 - -22) + (5 - -8) + -7 + 9.
18
What is the value of 45 + 145 + -68 + -63?
59
Evaluate 72 - (19 - ((40 - 3) + -49)).
41
What is the value of -2828 + 2732 + (45 - (0 - -3))?
-54
Evaluate (5 - 25) + -7 + 12 - (7 + -2).
-20
47 + -76 - (2 + 7) - (-116 + 133)
-55
What is -889 - -917 - (-11 - -24)?
15
Evaluate -18 + (-16 - -31) + -13 + 12 + 5.
1
-208 - (-14 + (-59 - -4))
-139
Evaluate 5 - (16 + (1 - (9 - -11))) - (-44 + 0).
52
What is 47 - (-22 - (-87 + 40))?
22
Evaluate 40 - (-64 - -58) - -36.
82
What is 63 + -1 + (5 - 2) + (56 - 153 - -92)?
60
What is (-10 - 55) + 12 + 3 + -8 - -19?
-39
What is the value of -22 - (44 + -62 - 35)?
31
What is 1 + -32 + 131 + -149?
-49
Evaluate -38 + (12 - 2) + -4 + (9 - 7).
-30
What is the value of (50 + -40 - 31) + 43?
22
What is -2 + (12 + 4 + 24 - (-1 + 0))?
39
Calculate 76 + -87 + 5 - -102.
96
920 + -907 + (28 - 0) + 3 + -7
37
What is ((70 - 30) + -1 + -2 - 12) + 6?
31
Calculate -310 - -260 - (2 - -9).
-61
Evaluate -18 + (-2 - (-44 + -2)).
26
5 - (-15 + -41 + 16 + -2 + -1)
48
Evaluate -57 - (101 - (126 - -14)).
-18
60 + -90 + -102 - -51
-81
What is (-89 - 37 - -41) + 147?
62
What is -35 - (1525 + -1484 - (1 - 1))?
-76
Calculate (-990 - -978) + 52 + -4 + 2.
38
Evaluate 1 + (31 - 0) + (16305 - 16264).
73
(-206 - -205) + 6 + -5 + 1
1
What is the value of 5 + (-15 - -16) + (-5 - -3 - 57)?
-53
36 - (10 - (60 - 46))
40
-44 - (-28 - -1 - -32)
-49
Evaluate 30 - (58 + -33) - (-10 + 0).
15
What is -21 - (-45 + (39 - 40))?
25
What is the value of 39 + (36 - 87 - 96)?
-108
(-9 + (-13 - -6) - 12) + 3
-25
What is the value of -27 + 11 + 2 + (23 - 10) - -21?
20
Calculate 0 + (-61 - 0) + (9 - (33 - 11)).
-74
Calculate (-4 - -8) + (5 - 1) + -44 + 3.
-33
What is the value of 74 + (-176 - (-40 + -11))?
-51
Evaluate 0 + 11 - (-362 - -373 - ((-4 - -2) + 20)).
18
What is (11 + (0 - 7) - 9) + (-19 - -11) + -78?
-91
What is 3 - (2 + (-195 - -241 - (11 - -2)))?
-32
What is the value of -5 + 46 + -41 + (17 - -2)?
19
What is -55 - ((17 - (35 - 8)) + 12 + -3 + 5)?
-59
What is -1 + -19 + (-16 - -9 - -12 - 1) + 2?
-14
Evaluate -2 - -5 - (72 + -69) - (10 + -4 + 3).
-9
Calculate 3 - (0 - -9 - -16) - -56.
34
Calculate -13 + (-11 + (11 - 10) + -4 - -11 - -11).
-5
What is the value of (-6 - (-2 + 2)) + 33 + (-20 - (-28 - 11))?
46
What is the value of -35 - (59 + -33 + -33)?
-28
What is 158 + -401 - 4 - -155?
-92
Evaluate (-109 - (-5 - -1)) + -2 - (401 - 401).
-107
-1555 + 1580 - (2 + -5)
28
Evaluate (4 - (56 + 3) - (-109 + 102)) + 13.
-35
What is the value of 7 + -1 - (76 + -205 - -171)?
-36
Calculate 898 - 931 - (1 + 102 + -7).
-129
Calculate -397 + 452 - (-71 - -15).
111
What is (-22 - (10 + 21 + -27)) + 41?
15
What is 10 - 31 - -2 - 59 - -12?
-66
Calculate 13 - (35 - 95 - -58).
15
Evaluate -9 + 52 + -126 + 24.
-59
Evaluate 0 + (-6 - -3) + (32 - 40) + 22 + -61.
-50
Evaluate (2114 - 2124) + (-35 - (6 - 1)).
-50
What is the value of -55 + -39 + (-19 - -76)?
-37
What is (13 + 15 - (-12 + -1)) + -31?
10
-37 + (-3 - (10 + -33)) + 69
52
Evaluate (94 - 177) + (4 - -30).
-49
Evaluate -7 + (-51 - -9 - 0) + 0 + -10 - 1.
-60
-36 + (1 - 1) + (-11 + 58 - 53)
-42
Calculate (18 + -28 - (-68 - 0)) + -5.
53
What is (54 + -16 + 22 - 12) + (18 - 0)?
66
What is -87 - ((-29 - -1 - -34) + (1 - 7))?
-87
What is the value of 0 + 108 + -52 - 73?
-17
What is (10 - -11) + 5 + -38 - (-86 - (1 + 0))?
75
Evaluate (9 - -1) + (-111 - (-248 - -115)).
32
Calculate -828 + 811 - (-5 + -52 + 6).
34
(0 - (30 - 1)) + -581 + 665
55
What is 22 + 2 + (94 - 143) - -12?
-13
Calculate -2 + -8 - (-2183 + 2179).
-6
What is the value of 22 + (-55 - (-31 - 73))?
71
What is (-18 - (-9 - (39 + -17))) + (-20 - 20)?
-27
1 + (-2 - -13) + -6 + 8 + -18 - -9
5
Calculate 0 - -9 - (-107 + 120) - (-40 + -2 - -2).
36
What is the value of -17 - (161 - (-45 + 139))?
-84
What is the value of (126 - 65) + (-11 - 76)?
-26
(54 + (-4 - (-6 + 8 - 3)) - 1) + -10
40
Evaluate (-28 + 33 - 27) + (35 - 15) - (30 + -1).
-31
What is the value of (3 - 1 - -7 - (28 - 6)) + 4 + -38?
-47
Calculate (12 - 1) + (-68 - -69) - (-15 - (-69 - 8)).
-50
What is 1 - 15 - (26 + -25 + 0 + 12)?
-27
Evaluate (8 - (17 - 16 - -10)) + 32.
29
2 + (0 - (-6 - -5)) - (-2 - (-35 - -23))
-7
Calculate -5 + -11 + 43 + -31 + (2 - (3 - 3)).
-2
(47 - (96 - 40)) + -1 + -6 - 7
-23
Evaluate 50 - (-1 - 0 - -35) - (-2 + 13).
5
What is the value of 6 + (1 - -10) + (267 - 292) + -28?
-36
17 + (21 + (-14 - -4) - -8)
36
-239 - (131 + -268) - -112
10
What is (-20 - (-94 - (-10 - -29))) + (24 - 3)?
114
What is (28 - -11 - (0 - -2)) + (-772 - -766)?
31
80 - (58 + -7 + -53)
82
What is the value of 0 + 67 + -21 - 29?
17
What is -1 + (32 - -1) - (2387 - 2380) - 11?
14
What is the value of -18 - (142 + -145 - (-22 + 1))?
-36
10 + (2 - -1) - (60 - 39 - -81)
-89
What is (0 + 6 - 2) + (-17 - 0 - (-43 + 53))?
-23
0 + -30 - 4 - (-74 + 65 + 5)
-30
What is the value of -7 - (-19 + -32 + 12)?
32
Calculate 5 + -4 + (3 - 13) + 5 + 543 + -496.
43
Calculate 77 + (-87 - -14) - 8.
-4
What is 0 + (9 - 41 - -77)?
45
What is -37 + 98 - 100 - 23?
-62
Calculate -240 + 166 + 92 + -9.
9
What is the value of -44 + 2 + (28 - (6 - 6 - -34))?
-48
Evaluate 9 - 2 - (-69 - -100) - -15 - 0.
-9
What is 8 - (41 + -30 + -65)?
62
Calculate (-53 + 58 - (0 - (-2 - 1))) + 31.
33
(14 - ((3 - -26) + (0 - 17))) + 11
13
Evaluate 13 + (-147 + 164 - (-5 + 0 + 41)).
-6
What is 14 - (6 - -13) - (-3 - -6)?
-8
Calculate -4 + 24 - (-29 - (-37 - (13 + -115))).
114
Calculate -21 - (1 - -10 - (51 - -3)).
22
What is (0 + -11 - 2) + (-30 - (-52 + -44)) - 14?
39
23 + 117 + -140 + -87
-87
Evaluate 0 + (-16 - -4) + (29 - 27).
-10
Calculate -86 + (13 + 9 - 4) + -16 + 6.
-78
What is 30 - (3 + -14 + 67)?
-26
What is -15 + (20 - (32 + (-1 - 15))) - -20?
9
-37 - (77 - 33) - -41
-40
Evaluate 5 + -58 + 76 + (-16 - -2) + 65.
74
What is 13 - (-26 + -24 + 24 - -16)?
23
Calculate -10 + (11 + -4 + 17 - 17).
-3
Evaluate (6 + -97 - -121) + 2 + 42.
74
Evaluate (-5 - (7 - 35)) + (-2 + 